is -222 (base 5) in base 16?
-3e
315 (base 6) to base 9
142
Convert -12 (base 16) to base 9.
-20
What is 33 (base 5) in base 12?
16
What is 9 (base 13) in base 2?
1001
What is -10 (base 4) in base 3?
-11
What is -11 (base 2) in base 10?
-3
Convert 3 (base 7) to base 14.
3
-7 (base 15) to base 13
-7
Convert 0 (base 2) to base 3.
0
What is 10d (base 15) in base 12?
17a
What is bf (base 16) in base 12?
13b
What is 42 (base 8) in base 14?
26
Convert 158 (base 14) to base 5.
2044
Convert -8 (base 9) to base 5.
-13
What is -74 (base 16) in base 8?
-164
Convert -105 (base 9) to base 7.
-152
What is -3 (base 9) in base 5?
-3
Convert 451 (base 6) to base 11.
14a
2 (base 12) to base 15
2
What is -1 (base 6) in base 14?
-1
What is 0 (base 7) in base 10?
0
Convert 11 (base 9) to base 8.
12
1221 (base 3) to base 13
40
Convert 113 (base 9) to base 4.
1131
-53 (base 16) to base 11
-76
25 (base 15) to base 5
120
Convert -6 (base 13) to base 2.
-110
4 (base 12) to base 8
4
What is 4 (base 8) in base 16?
4
What is 5 (base 14) in base 6?
5
What is -344 (base 5) in base 16?
-63
-3 (base 16) to base 4
-3
What is -65 (base 9) in base 4?
-323
Convert -10 (base 7) to base 8.
-7
-39 (base 15) to base 3
-2000
-1201 (base 3) to base 2
-101110
-5b (base 16) to base 12
-77
0 (base 3) to base 7
0
5 (base 8) to base 2
101
What is 3 (base 12) in base 2?
11
0 (base 14) to base 7
0
50 (base 6) to base 11
28
Convert 24 (base 9) to base 5.
42
Convert -7a (base 11) to base 6.
-223
Convert 12 (base 8) to base 10.
10
What is 177 (base 13) in base 9?
326
What is 40 (base 14) in base 3?
2002
Convert 13 (base 14) to base 2.
10001
101101 (base 2) to base 13
36
-10 (base 12) to base 4
-30
Convert -112 (base 14) to base 7.
-422
-411 (base 8) to base 4
-10021
7 (base 12) to base 6
11
What is -20 (base 9) in base 5?
-33
What is 2211 (base 4) in base 15?
b0
What is -11 (base 4) in base 13?
-5
Convert 21 (base 12) to base 7.
34
Convert 2 (base 7) to base 14.
2
Convert 1 (base 12) to base 9.
1
Convert -76 (base 9) to base 8.
-105
Convert -52 (base 6) to base 13.
-26
-3 (base 12) to base 15
-3
Convert 90 (base 12) to base 5.
413
What is 1 (base 14) in base 2?
1
What is 36 (base 7) in base 8?
33
What is 6f (base 16) in base 13?
87
Convert -201 (base 4) to base 6.
-53
What is -142 (base 11) in base 5?
-1132
Convert 2 (base 15) to base 4.
2
What is -99 (base 10) in base 3?
-10200
What is -14 (base 8) in base 13?
-c
-1012 (base 3) to base 13
-26
Convert -1 (base 9) to base 6.
-1
What is -16 (base 11) in base 8?
-21
Convert -3 (base 16) to base 15.
-3
Convert -9 (base 15) to base 5.
-14
-5 (base 16) to base 11
-5
50 (base 7) to base 14
27
What is 101 (base 2) in base 11?
5
What is 4e (base 15) in base 16?
4a
-34 (base 11) to base 15
-27
-3 (base 10) to base 5
-3
Convert -119 (base 10) to base 4.
-1313
Convert -8d (base 14) to base 8.
-175
1c (base 15) to base 4
123
What is 40 (base 16) in base 9?
71
Convert -4 (base 14) to base 2.
-100
Convert 2 (base 5) to base 2.
10
-3 (base 6) to base 9
-3
Convert -52 (base 14) to base 10.
-72
What is 121 (base 13) in base 4?
3010
What is 1001100 (base 2) in base 4?
1030
Convert 17 (base 15) to base 3.
211
Convert 64 (base 12) to base 13.
5b
Convert 13a (base 15) to base 7.
550
What is -110 (base 2) in base 9?
-6
4 (base 12) to base 8
4
What is -64 (base 10) in base 2?
-1000000
-b4 (base 16) to base 14
-cc
Convert -10 (base 3) to base 4.
-3
-1 (base 15) to base 10
-1
What is 1 (base 2) in base 4?
1
Convert -11 (base 8) to base 3.
-100
310 (base 6) to base 14
82
What is -37 (base 16) in base 8?
-67
Convert 41 (base 12) to base 7.
100
Convert 31 (base 7) to base 4.
112
What is -9 (base 13) in base 14?
-9
What is 12222 (base 3) in base 8?
241
Convert -2 (base 13) to base 16.
-2
Convert -201 (base 4) to base 16.
-21
3 (base 14) to base 13
3
3 (base 12) to base 7
3
-267 (base 8) to base 10
-183
What is -2 (base 3) in base 11?
-2
-3 (base 14) to base 6
-3
Convert 3 (base 13) to base 11.
3
-21 (base 7) to base 10
-15
What is 5 (base 15) in base 13?
5
-2 (base 6) to base 4
-2
-100010110 (base 2) to base 15
-138
1 (base 16) to base 6
1
5 (base 7) to base 4
11
Convert 100 (base 2) to base 3.
11
What is 1000010 (base 2) in base 16?
42
What is -354 (base 8) in base 9?
-282
What is -5c (base 13) in base 16?
-4d
0 (base 8) to base 9
0
Convert 2 (base 6) to base 12.
2
What is -2 (base 10) in base 8?
-2
Convert 33 (base 10) to base 14.
25
What is 6 (base 11) in base 4?
12
Convert -2010 (base 3) to base 10.
-57
What is 3a (base 16) in base 15?
3d
-1 (base 12) to base 6
-1
Convert 3b (base 14) to base 9.
58
-12 (base 15) to base 3
-122
Convert -1 (base 8) to base 9.
-1
What is 21100 (base 3) in base 14?
102
Convert -2 (base 14) to base 11.
-2
Convert 29 (base 13) to base 2.
100011
26 (base 15) to base 7
51
Convert -17 (base 9) to base 12.
-14
What is -11000111 (base 2) in base 11?
-171
What is 10 (base 15) in base 4?
33
Convert -3 (base 4) to base 12.
-3
-1201 (base 3) to base 7
-64
Convert 10 (base 12) to base 3.
110
12 (base 13) to base 14
11
Convert 1 (base 11) to base 7.
1
What is -5 (base 12) in base 5?
-10
Convert 2 (base 8) to base 11.
2
What is -3 (base 12) in base 11?
-3
Convert -121 (base 12) to base 10.
-169
Convert 44 (base 8) to base 11.
33
Convert -20 (base 5) to base 15.
-a
Convert 87 (base 14) to base 8.
167
Convert -53 (base 6) to base 14.
-25
What is 0 (base 9) in base 14?
0
Convert -20 (base 9) to base 2.
-10010
-101 (base 4) to base 8
-21
330 (base 4) to base 9
66
-4 (base 10) to base 8
-4
What is 4 (base 11) in base 3?
11
Convert -111 (base 4) to base 13.
-18
cb (base 13) to base 14
bd
What is 6 (base 14) in base 11?
6
Convert 10 (base 3) to base 15.
3
What is -137 (base 9) in base 6?
-311
Convert -44 (base 5) to base 9.
-26
-2 (base 15) to base 13
-2
Convert 263 (base 9) to base 10.
219
Convert -27 (base 12) to base 2.
-11111
Convert 12 (base 4) to base 7.
6
Convert 0 (base 14) to base 2.
0
What is 28 (base 9) in base 6?
42
-110001 (base 2) to base 6
-121
3 (base 9) to base 2
11
What is -1101 (base 2) in base 9?
-14
10 (base 7) to base 10
7
-232 (base 6) to base 16
-5c
32 (base 4) to base 8
16
Convert 4 (base 13) to base 15.
4
What is 0 (base 8) in base 2?
0
-3 (base 16) to base 11
-3
2 (base 7) to base 2
10
Convert -1 (base 3) to base 8.
-1
What is -1 (base 5) in base 10?
-1
10101000 (base 2) to base 6
440
-4a (base 11) to base 4
-312
What is -24 (base 7) in base 11?
-17
What is -1 (base 12) in base 11?
-1
What is -ed (base 15) in base 6?
-1011
What is 10 (base 10) in base 7?
13
What is -1d (base 15) in base 7?
-40
Convert 32 (base 5) to base 13.
14
What is 15 (base 8) in base 16?
d
-2a (base 13) to base 6
-100
-c4 (base 15) to base 2
-10111000
Convert -3 (base 9) to base 15.
-3
b1 (base 13) to base 4
2100
What is -50 (base 12) in base 6?
-140
Convert -1020 (base 3) to base 16.
-21
Convert -c9 (base 15) to base 6.
-513
Convert a (base 13) to base 12.
a
-11010010 (base 2) to base 6
-550
What is 40 (base 9) in base 2?
100100
What is 2 (base 9) in base 15?
2
Convert 219 (base 10) to base 7.
432
What is -4 (base 15) in base 11?
-4
Convert 10 (base 13) to base 4.
31
What is -202 (base 6) in base 13?
-59
-6 (base 16) to base 7
-6
-1013 (base 5) to base 7
-250
7 (base 8) to base 10
7
What is 0 (base 10) in base 3?
0
31 (base 14) to base 2
101011
-4a (base 16) to base 7
-134
a (base 14) to base 11
a
0 (base 15) to base 4
0
0 (base 8) to base 4
0
-5 (base 12) to base 6
-5
-b1 (base 12) to base 9
-157
What is -13 (base 6) in base 16?
-9
0 (base 16) to base 2
0
Convert -58 (base 15) to base 13.
-65
What is -31 (base 12) in base 7?
-52
Convert 0 (base 13) to base 12.
0
1 (base 2) to base 9
1
What is -2 (base 3) in base 4?
-2
Convert 43 (base 6) to base 12.
23
Convert 9 (base 11) to base 14.
9
-13 (base 10) to base 3
-111
Convert -100000 (base 2) to base 11.
-2a
44 (base 12) to base 2
110100
21 (base 3) to base 4
13
What is 0 (base 9) in base 2?
0
Convert -1 (base 11) to base 8.
-1
What is 3 (base 8) in base 2?
11
Convert 3 (base 9) to base 11.
3
What is 15 (base 13) in base 14?
14
-1d (base 15) to base 9
-31
What is -5 (base 10) in base 16?
-5
40 (base 8) to base 4
200
What is -47 (base 15) in base 16?
-43
133 (base 13) to base 5
1321
What is -38 (base 9) in base 